-48 - -42) - 3.
-13
15 + (28 + -93 - -30)
-20
(12 - (2 + -13 + (-9 - -34))) + 2
0
What is -2 + 31 + -15 + 1?
15
What is the value of -10 + 15 + 12 - 26?
-9
(-5 - -10) + -1 + -6 - (1 - 18)
15
7 + (9 + -5 - (2 - -5)) + 11
15
What is -17 + (9 - -2 - 2) + 19?
11
-13 + 1 - (896 - 901)
-7
6 + (-6 - -12) + 5 + -11
6
56 - (57 + -23) - (8 - 2 - 2)
18
What is the value of 656 - 676 - (-22 - -1)?
1
61 + -63 - (25 - ((-2 - -3) + 2))
-24
What is -2 - (2 - 0) - (28 + -45 - -16)?
-3
Calculate 2 - 1 - 39 - (-507 + 494).
-25
What is the value of 5 - (-17 + (30 - 40))?
32
1 - -1 - (8 + -6 + -17)
17
-9 - ((-10 + 10 - -3) + -16)
4
27 + (2 - 2) + 81 + -88
20
What is 1 + 3 + 2 + 23 - 11?
18
What is -10 + -3 - (-34 - -27)?
-6
What is -8 + 1 + (17 - (-23 + 25))?
8
What is (-17 - (-12 + 8) - -6) + (-1 - 7)?
-15
What is (-28 - -9) + 1 - (-8 + 3 - 0)?
-13
22 + 7 + -26 + -22
-19
-11 + (14 + -8 - 16 - -9 - 1)
-13
What is -5 + (1 - 1) - (-22 + 7 + 18)?
-8
Evaluate -14 - (4 - (0 + -4) - 3).
-19
What is the value of -12 + 22 - 2 - (5 + 30 + 0)?
-27
Evaluate -1 - -12 - (53 - 38).
-4
Calculate -30 - (-38 + 50 - 35).
-7
Calculate (10 - 6) + (-32 - -10) - (0 + -3).
-15
0 + 0 + -7 - (-25 + 52 + -29)
-5
What is 7 - 4 - 0 - (-6 - 7 - -18)?
-2
What is the value of 1 + -9 - (5 + 1 - 11)?
-3
Calculate 1 - (6 + (10 - (-5 + 21))).
1
(-23 - -15) + 13 + -4 + 2
3
What is 1 + 16 - (236 + -214)?
-5
Calculate -13 + (-7 - (-1 + -36)).
17
Evaluate 78 + -82 - (7 - (16 + -5)).
0
12 - -1 - ((-102 - -47) + 45)
23
What is (-6 - 0) + 0 + (-3 - 13) + 16?
-6
-15 + (39 - (0 + 17)) - -4
11
-8 - (-13 - -19) - (-6 - -1)
-9
Calculate -1 + 27 - (44 + -54 + 1).
35
0 + (-11 - (8 - 17)) + 3
1
Evaluate (54 - 37) + -2 + -8 + 3 - 3.
7
What is 1 + -9 + -2 - (-4 + -7)?
1
Calculate -4 - ((-2 - -1) + 0 - (24 - 27)).
-6
What is (-7 - -1) + 35 + (-26 - -18)?
21
What is -11 - (3 - 14 - (0 - 4))?
-4
Evaluate (-40 - (33 + -63)) + 28.
18
What is (3 - -2 - -1) + 5 + (13 - 6)?
18
What is the value of -7 + -4 + (9 - -28) + -15?
11
What is the value of -1 - (36 - (43 + -36 + -1 + -2))?
-33
What is -2 + -1 - (-10 + 5 - 12)?
14
-225 - -225 - (0 + 1 + -13 + 2)
10
Calculate (-49 - (8 + -24)) + (-3 - (0 - 5)).
-31
7 + -2 + 2 - (-11 - (-14 + -10))
-6
Calculate 12 + 11 + -32 + 0 + 18.
9
24 + 22 + 1 + -25
22
What is (-1 - 3) + (-10 - (-1 - (-10 + 16)))?
-7
What is the value of (-19 - (-4 - 6)) + 5?
-4
13 + -16 + -2 + 0 + 2 + 7
4
What is -26 - (0 - -5 - (21 + -29))?
-39
Evaluate -6 - (11 - (7 - 17 - -42)).
15
-8 - (-29 - (-3 + -23))
-5
What is (-11 - 2) + -35 + 61?
13
What is the value of -29 + -1 + (862 - 816)?
16
2 - 1 - (-1 - (16 - 8))
10
Calculate -10 + (13 - (7 - -1 - (6 - 2))).
-1
(-496 - -502) + 3 + -3 + 3 + 5
14
(-224 - -220) + (-16 - -1) + 5
-14
What is the value of -2 + (12 + -6 - -6) + 13 + -8?
15
What is 3 - (-17 + 16 + (5 - -3) - 6)?
2
4 - (0 - -7) - -14
11
What is the value of 16 + -18 - (6 + -8)?
0
Calculate 0 + 6 - (-478 - -461).
23
What is 0 + -7 - (-34 + (-15 - -45))?
-3
4 - (12 + -7 - (12 + -3 + 1))
9
What is the value of 16 - ((-11 - -23) + -8 + 1)?
11
1 + -15 + 37 - 13
10
7 - (17 + -9) - (-7 + 7)
-1
What is the value of -20 + 39 - (10 + 0 + 4 + -9)?
14
Evaluate -19 + 1 - (4 - (1 + 10)).
-11
What is -9 + (11 - (3 + 8)) - -32?
23
-11 - -6 - -11 - (3 - -4) - 0
-1
What is the value of (-3 - 2) + 1 + (-2 - -12 - 16)?
-10
-4 + (-18 - -9 - -18) + (-7 - 0)
-2
Evaluate 10 - (5 + 14 + (3 - 8)) - 19.
-23
36 + (-28 - -38) + -22
24
Evaluate 9 - -1 - 24 - -47 - 4.
29
Evaluate -23 - (19 - 25) - -30.
13
What is -4 - (-9 + -9 + 17)?
-3
22 - (9 - (-23 - 0))
-10
What is the value of 3 + -16 + 8 - (-12 - -5)?
2
Evaluate 2 + (6 - (-3 - -25)) + 12.
-2
2 + -7 + 1 - (-22 + 13)
5
Calculate 2 + 26 + (-1153 - -1112).
-13
What is (-12 - -5) + 6 + -2 + -1?
-4
Calculate -11 - (-11 + -8 + (-9 - -21)).
-4
What is the value of (16 + -23 - -4) + 7?
4
Evaluate -1 + 0 + -14 + (19 - 11).
-7
Calculate (-3 - -28 - 16) + -1 + -1.
7
Calculate 24 + 38 + -59 + (15 - 5).
13
Evaluate -17 + 29 + 17 + -20.
9
Calculate 1 + -1 + (54 - 46) + -7.
1
Evaluate -16 + 5 + 11 + -7.
-7
Calculate -3 - (-2 - 2 - 1).
2
What is the value of -2 - (2 + 12) - (12 + -5)?
-23
Calculate -34 + 44 - -14 - -1.
25
(53 - 38) + (-1 - 30)
-16
Evaluate (9 - 20) + 40 - (4 - 10).
35
(17 - 11 - 3) + 6
9
Calculate -1 - (23 + -32) - 8.
0
What is the value of -2 + -4 - (17 - 16)?
-7
Calculate 2 + (81 - 43) + -36.
4
Evaluate 6 + -13 + 18 + 4 + -11.
4
Calculate -11 - 1 - (2 - (6 - -18 - 16)).
-6
What is the value of (-1 - (2 + 2)) + (7 - -1) + -4?
-1
What is -2 + (1 - -2 - (-13 - -16))?
-2
Calculate (-5 - -8) + (0 - 0) - (7 - 7).
3
Calculate -1 - -6 - (-4 - (13 - -6 - 54)).
-26
Calculate -80 + 69 + 0 + -11 - -7.
-15
Calculate (1 - 2) + 7 + (-19 - (51 - 67)).
3
What is -6 - (6 + 9 + -10 - (0 + 11))?
0
12 + (-65 + -5 - -39)
-19
-8 - (-27 - -4) - (12 + 1)
2
Evaluate 5 - (-8 + -11 + 18).
6
Evaluate 21 + -1 + -91 + 76.
5
What is 168 + -183 + (0 - -5)?
-10
What is the value of -4 - ((1 - -1) + -8 + 0 + -3)?
5
-5 + 9 + -7 + (0 - -1)
-2
Calculate 29 - 61 - -28 - (-9 + 0 + 0).
5
Calculate 7 + -10 + 5 + -16 + 0 + 3.
-11
15 - 0 - (-8 - (5 - 14))
14
Evaluate 6 + -4 + -1 - -11.
12
Evaluate -11 + -10 + (-11 - -36).
4
Evaluate (-10 - (7 + 0 + (22 - 28))) + 7.
-4
7 - (8 + -9 + 7 - 10)
11
-15 + 20 - (1 - -4) - -4 - -11
15
What is (17 - 17) + 7 - -7?
14
(-504 - -508) + (1 - (2 - (1 + -2)))
2
-4 + 27 - 18 - 17
-12
Evaluate -5 + (4 - 0) - -6.
5
What is -3 - ((-15 - -19) + -10)?
3
What is 1 - (-7 + -1) - (30 - 59)?
38
-4 + 39 + 3 + 2 + -9 + -4
27
What is the value of -1 + -11 + (5 - (-13 - -8))?
-2
What is (0 - -1 - -8) + (207 - 208)?
8
Calculate -4 + (2 + -6 - (1 + -1 - 8)).
0
What is -17 + (4 - (-9 + 0)) - -22?
18
Calculate -14 - (-3 - -15 - 12).
-14
Calculate (-7 + 8 + 1 - (0 + -4)) + 2.
8
What is -32 + 36 + (-7 - 4)?
-7
Evaluate -144 + 131 - (12 - 10).
-15
What is the value of 1 + (13 - 1) - -1?
14
Evaluate -3 + 7 + -6 - (2 + 9) - -6.
-7
-2 + (-2 - -6) + -3 + -4
-5
What is the value of -5 + 0 + (16 + -7 - -1 - -3)?
8
What is -11 + 2 - (-1 + -6 + -12 + 25)?
-15
Calculate 9 + (-8 - (-8 + 14)) + 6.
1
What is the value of 40 - -9 - (21 - 3)?
31
0 + 0 + -1 - (-73 + (-42 - -119))
-5
Evaluate -20 - (27 + 6 + -45).
-8
Evaluate -3 + 12 + (24 - (-3 + 27)).
9
Evaluate (-17 - -50) + -21 + 4.
16
Calculate (8 - 0) + -3 + (-4 - 0) + 1.
2
What is (-3 - (-16 + 2)) + (221 - 242)?
-10
Calculate -9 + 13 + -7 + -7 + 3.
-7
What is 26 - 14 - 20 - ((-5 - -1) + 7)?
-11
-611 + 595 - (-15 + 2 - 0)
-3
-1 + -14 + 1096 + -1074
7
What is the value of 2 - (0 + (4 - -11) + -5) - 23?
-31
Calculate -23 + 27 - (0 - (7 + -4) - -2).
5
8 + -8 + 24 - 23
1
What is 8 - -9 - 15 - -6?
8
What is 12 - (19 - 42 - -41)?
-6
(-1 - 7) + 1 + -216 + 221 - -5
3
Calculate 1 + (-5 - (5 + -5 + 3) - -13).
6
Calculate 8 + (-21 - -9 - -28) - 15.
9
Calculate (-63 - (37 - 85)) + 2 + -1 + -3.
-17
Calculate 2 + (-24 - -29) + 1.
8
What is 4 + -15 - 0 - -38?
27
(3 - 0) + (100 - 120)
-17
-14 - (-20 - (0 - -5))
11
Calculate 24 - ((-6 - -24) + -5).
11
Calculate -1 + -9 + 7 + 31 + -13.
15
What is -26 + (52 - 8 - 23)?
-5
What is (0 + 1 - -1) + -17 - (-1 - 6)?
-8
Calculate -55 + 40 + 29 + -19 + 1.
-4
Evaluate (10 - 5) + -8 + -6 + -1 + 5.
-5
Calculate -2 - 0 - 3 - (43 - 47).
-1
-1 - 1 - -5 - (-1316 + 1316)
3
Evaluate -55 + 60 + (1 - 15) - 27.
-36
Evaluate (23 - 29 - 8) + (-2 - 1).
-17
What is -1 + 8 + 17 + 17 + -26?
15
-7 + (4 - 13) - (-1 - 21)
6
19 - (19 - (41 - 21))
20
Calculate -5 - ((0 - 3) + -39 + 20 + 6).
11
Calculate -1 + 9 + -15 + 12.
5
-22 - 9 - -18 - (-2 + -33)
22
What is 0 - ((-7 - -7) + (1 - 3) + 4)?
-2
What is (25 - (39 + -13)) + (-3 - 2)?
-6
What is 0 + (-1 - -14) - (-91 - -15 - -73)?
16
-14 - -7 - -19 - (6 + -18)
24
-24 + 1 + (655 - 622)
10
Evaluate (-1 - 6) + -9 + (-20 - -24).
-12
What is the value of -4 + -1 + (7 - (7 - (6 - 12)))?
-11
Evaluate -23 + 105 + -84 - (-24 + 1).
21
Calculate (16 - (8 + -7)) + -20 - (-40 + -1).
36
What is 19 + -58 + 15 + 23?
-1
What is the value of 6 - (11 - (-13 + 6 - -8))?
-4
What is -12 + -1 + (12 - (-20 + 32 + 6))?
-19
What is 53 + -1 + (-9 - 19)?
24
11 - (1 + 17) - -26
19
Evaluate -9 - (-1 - -7) - -14.
-1
What is -5 - (-1 + -5 + 8 + (5 - 3))?
-9
What is 3 - (14 + (10 - 30 - 4))?
13
What is -41 - (4 + (-34 - -11))?
-22
What is -14 + 2